s p a composite number?
True
Let z = 13379 - 7500. Is z a composite number?
False
Let u(d) = 1565*d + 12. Is u(1) a prime number?
False
Let q be 0 + (1 - 3) - -9. Suppose -o = -q*o + 11166. Is o prime?
True
Let b(v) = -11*v - 27. Let x be b(-2). Is (-3470)/(-4)*(-10)/x composite?
True
Let x = 19148 + -2437. Is x composite?
True
Let d(t) = 958*t + 49. Is d(12) a composite number?
True
Let g be (22548/(-10))/(2/(-5)). Is 4 + g*(-5)/(-15) a prime number?
False
Let h = 4710 - 2101. Is h prime?
True
Suppose -3*h + b + 12961 = 0, 0 = 6*h - 5*h + 3*b - 4307. Is h prime?
False
Suppose i + 142 = -2*c + 763, c - 4 = 0. Is i composite?
False
Suppose 2*b + 4140 = 5*a + 7*b, 2*b + 1660 = 2*a. Suppose 5*w - 5*q = 7*w - 1680, w - 3*q = a. Is w prime?
False
Let y = 4110 - -5201. Is y a prime number?
True
Suppose -2*v + a + 15 = -3*v, 0 = -5*v + 5*a - 105. Is (-4)/18 - -902*(-11)/v a composite number?
True
Let l(w) = 1545*w**3 - 3*w**2 - 2*w + 3. Is l(1) a prime number?
True
Let h = 4328 - -4683. Is h a composite number?
False
Suppose -927 - 937 = -2*n - 4*r, 3*n + 4*r = 2806. Suppose 0 = 4*a + 2*a - n. Is a composite?
False
Let j = 31 - 33. Is 786 + 1 + (-2)/j*0 prime?
True
Let f be (-2)/(-4)*14/(-1). Let d be -3 + 6 - (5 + f). Suppose 0 = d*b, -g + 36 = 3*g + 3*b. Is g composite?
True
Is (13 - 15) + 2 + 485 a prime number?
False
Suppose -10*k - 14357 = -64387. Is k a prime number?
True
Let p(i) be the first derivative of -23*i**2/2 + 1. Let l be p(-3). Suppose -2*u - u = -l. Is u prime?
True
Suppose b + 8 = -5*s + s, 5*s = -b - 9. Let g(q) = -78*q**3 + 2*q**2 - 1. Is g(s) a composite number?
False
Suppose 2*d + 5 = 21. Suppose d*q = 7*q + 6. Is (-3940)/6*(-9)/q prime?
False
Suppose 0 = 22*g - 800195 - 135927. Is g a prime number?
False
Let t(v) = 1220*v**3 + 6*v - 3. Is t(4) prime?
True
Let a be (-3)/4 + (-106)/8. Is (4 + 90/(-4))*a composite?
True
Suppose x - 4*k = -8, 0 = 5*x - x + 4*k - 28. Suppose g + p - 6 - 228 = 0, -928 = -x*g + 4*p. Is g composite?
False
Suppose 2*c - 25 + 6 = 3*y, 3*c - 5*y = 30. Let t(n) = n**2 - 2*n - 4. Let x be t(4). Suppose 0 = 3*f - b - 1345, f - x*b + 1772 = c*f. Is f a prime number?
False
Suppose 32*b = 198056 + 117432. Is b a prime number?
True
Suppose 156*m + 354849 = 167*m. Is m a prime number?
False
Let j be (-9)/(-2)*488/6. Let g be (2 - 1)/((-1)/(-5)). Suppose g*o = 1 + 14, 0 = -3*a - 3*o + j. Is a composite?
True
Suppose -6*x = -34740 - 4854. Is x prime?
True
Let z(i) = 3*i**2 + 2*i + 1. Let d be z(-6). Suppose 0 = 3*g - 4*g - 2*s + d, 5*g - 430 = s. Is g - (0/3)/(-3) prime?
False
Suppose 14*m - 5658 = 6368. Is m a prime number?
True
Suppose 7*n = 26*n - 5833. Is n a prime number?
True
Suppose -5*h - 4*j = -84235, -37*h = -35*h + 2*j - 33696. Is h composite?
False
Let j(u) = 4 - 9*u - 5 + 6. Let t = -24 + 10. Is j(t) a composite number?
False
Suppose 2*q - 3 = -0*s + s, 4 = q. Suppose -2*p + s = 3. Is -2 - (p - (479 - 3)) a composite number?
True
Let f(w) = 2*w**2 - 474*w**3 + 31*w - 5*w**2 + 1 - 29*w. Is f(-2) prime?
False
Let t(g) = g**2 - 14*g - 7. Let i(m) = m**3 + 4*m**2 - 8*m - 2. Let f be i(-6). Let b be 13 + f - 3/(-1). Is t(b) a prime number?
True
Let s(p) = 7907*p + 603. Is s(10) prime?
False
Suppose 834 = 3*n - 3*d, -2*d + 796 = 4*n - 322. Suppose -3*i + 905 = -4*c, 5*c - 355 = -2*i + n. Is i a composite number?
False
Suppose -48*c - 15*c = -570717. Is c composite?
False
Let y = 1617 - 1138. Is y composite?
False
Let m(k) = 2*k**2 + 11*k + 17. Is m(-40) a prime number?
True
Let r(d) be the third derivative of -d**6/15 - d**5/30 - d**4/8 + 2*d**3/3 + 2*d**2. Suppose 4*v = 4*h + 8, -4*v - h = -7*v - 4. Is r(v) composite?
False
Let c(t) = -172*t**2 - 6*t + 3. Let a(n) = -343*n**2 - 11*n + 6. Let w(m) = 3*a(m) - 5*c(m). Let k be w(2). Let d = -344 - k. Is d a composite number?
True
Let o be 16/(-3)*1*-402. Let u(y) = 31*y - 150. Let q be u(5). Suppose -2*m + 3*m + x - o = 0, -x = q. Is m prime?
False
Is (1/(-2))/((-6)/(-68676)*-1) a prime number?
False
Let k = -4321 - -41268. Is k a composite number?
False
Let h(l) = 2*l**2 + 2*l + 3641. Let m be h(0). Let p = m + -994. Is p a composite number?
False
Let f = 4244 - 2485. Is f composite?
False
Suppose 18*p + 27 = 27*p. Suppose p*h = 14*h - 2849. Is h prime?
False
Let o be (-11)/((-220)/8) - (-4)/(-10). Suppose -z + 515 = -o*z. Is z a prime number?
False
Let u(k) = 4930*k - 1048. Is u(11) prime?
False
Let j(w) = 951*w**2 - w + 4. Let p be j(2). Let h(g) = 2*g**2 + 6*g + 7. Let r be h(-2). Suppose 1145 = -r*x + p. Is x a composite number?
False
Suppose -4*j = 598 - 64938. Is j a composite number?
True
Let s = 8551 + -944. Is s prime?
True
Suppose 90623 - 6978 = 5*a. Is a a prime number?
True
Let m(f) = f - 1. Let k be m(9). Suppose q - k = -3*q. Is 371*2*q/4 prime?
False
Let d = -56 - -60. Suppose -2*m - 356 = -d*m. Is m a composite number?
True
Suppose -8 + 12 = w. Suppose -5*p + 982 = 3*r, w*r - 986 = -5*p - 0*p. Is p prime?
False
Suppose 3*y - 381 - 294 = -2*g, 0 = y + g - 226. Is y prime?
True
Let p(w) be the third derivative of -w**6/120 + w**5/5 - 3*w**4/8 - 7*w**3/6 - 5*w**2 - w. Is p(11) a composite number?
True
Let s(j) = 12*j**2 + 16*j - 26. Is s(-18) a composite number?
True
Let q be 7/1 - (-3 - -7). Is 1*((1 - q) + 241) a prime number?
True
Let l be (-1301*4)/4*-1. Suppose -3*o = -0*k - 5*k - l, 3*k = 2*o - 866. Is o a prime number?
False
Suppose 2*d - 92 = -d + 5*g, 3*d + 3*g = 60. Let t = 88 - 31. Let i = t - d. Is i composite?
True
Let m(o) = o**2 - 6*o + 31 - 3*o - 28. Let w be m(9). Is w + (-7 - -3) - -24 a composite number?
False
Let y(n) = 11*n**3 + 3*n**2 - 11*n + 2. Let d(o) = 6*o**3 + o**2 - 6*o + 1. Let w(x) = 5*d(x) - 3*y(x). Is w(-5) a prime number?
False
Let k(u) be the third derivative of -u**4/8 - 7*u**3/2 + 14*u**2. Let a be k(-6). Let z(d) = 14*d**2 - d - 2. Is z(a) a prime number?
True
Let c = 385 - -562. Is c composite?
False
Suppose -33 = -7*l - 5. Suppose 5*v = -3*c + 13654, 2*v + l*c + 5446 = 4*v. Is v composite?
False
Suppose 160952 = 17*f + 34999. Is f prime?
False
Let b = -50 + 50. Suppose 3*x - 60 - 201 = b. Is x a prime number?
False
Let u = -1428 - -3479. Is u prime?
False
Let o be 2/6 - 71/(-3). Let j be ((-2260)/6)/(o/(-252)). Suppose a + j = 6*a. Is a a composite number?
True
Let p be (-3)/(6/(-8)) + -4. Suppose -2*j + p*j + 1906 = 0. Is j prime?
True
Is 6/8*42384/36*1 prime?
True
Let c be (564/9)/(-2)*366/4. Is c/(-4) - (-26)/104 a prime number?
False
Let s be 12 - (-1)/(-2)*0. Let t(b) = -b**3 - b**2 + 129. Let z be t(0). Let r = z + s. Is r a composite number?
True
Is ((-36)/(-72))/(1 + 37179/(-37182)) a composite number?
False
Let k(p) = 17*p + 39 - 11*p + 50*p. Is k(8) a prime number?
True
Let i be 12/(-8) + (-43)/(-2). Let z = 21 + -11. Is (z/i)/((-1)/(-124)) composite?
True
Let f = -585 + 1672. Is f a prime number?
True
Suppose -5*m + 31 + 49 = 0. Let s = -11 + m. Suppose 0 = s*v + 5*t - 75, -3*t = -0*v - 4*v + 60. Is v a composite number?
True
Let s = 772 - 74. Let r = 2269 - s. Is r a prime number?
True
Let k be (-75)/5 + -1 + 3. Let c(v) = 9*v**2 - 11*v - 7. Is c(k) a prime number?
True
Let z(o) = -o**3 - o**2 + 8. Let f be z(0). Let m be (-2)/f - (-6)/(-8). Is m*201*(-3)/9 a composite number?
False
Let t(y) = -y**3 + 3*y**2 + 7*y - 9. Let h be t(4). Suppose h*r = 66 + 111. Is r a prime number?
True
Suppose 75*s = 53*s + 759154. Is s prime?
False
Is (-6202)/(-5) + (-9)/(-15) a composite number?
True
Let z(s) be the second derivative of 29*s**4/6 - 8*s**3/3 - 21*s**2/2 - 3*s - 1. Is z(8) a composite number?
True
Suppose 5*v = -k - 22233, 2*k + 17778 = -4*v + 4*k. Suppose 2*y - 3*z - 9 = 0, -y - 13 = 6*z - 4*z. Is y/6 + v/(-4) composite?
True
Let f be ((-63)/42)/((-1)/12). Is 6*(375/f + 1) a composite number?
False
Let i(w) = -w - w**2 - 5*w - 49 + 47. Let o be i(-5). Suppose -3*a = 5*s - 4*a - 1115, o*s = a + 669. Is s composite?
False
Let y(k) = k + 26. Let a be y(-11). Suppose 3*s - 222 - a = 0. Is s a composite number?
False
Suppose 15*n - 11*n - 5*b - 39507 = 0, -5*n + 5*b = -49390. Is n a composite number?
False
Is 8/4*(-29398)/(-4) composite?
False
Suppose p + 1 = -5*h, 0 = -0*p + 2*p - 4*h + 2. Let t = p + 5. Suppose -2*q - 5*f + 173 = 0, -4*f + 352 = t*q - 0*f. Is q composite?
False
Let i(s) = s - 6